{"id":18,"date":"2020-03-11T08:58:18","date_gmt":"2020-03-11T08:58:18","guid":{"rendered":"https:\/\/alegre.180gr.com\/?page_id=18"},"modified":"2023-09-27T16:14:22","modified_gmt":"2023-09-27T16:14:22","slug":"climatizacion","status":"publish","type":"page","link":"https:\/\/instalacionesalegre.com\/index.php\/servicios\/climatizacion\/","title":{"rendered":"Climatizaci\u00f3n"},"content":{"rendered":"<div class=\"fusion-fullwidth fullwidth-box fusion-builder-row-1 fusion-flex-container nonhundred-percent-fullwidth non-hundred-percent-height-scrolling\" style=\"--awb-border-radius-top-left:0px;--awb-border-radius-top-right:0px;--awb-border-radius-bottom-right:0px;--awb-border-radius-bottom-left:0px;--awb-padding-right:0px;--awb-padding-left:0px;--awb-flex-wrap:wrap;\" ><div class=\"fusion-builder-row fusion-row fusion-flex-align-items-flex-start fusion-flex-content-wrap\" style=\"max-width:1185.6px;margin-left: calc(-4% \/ 2 );margin-right: calc(-4% \/ 2 );\"><div class=\"fusion-layout-column fusion_builder_column fusion-builder-column-0 fusion_builder_column_1_1 1_1 fusion-flex-column fusion-animated\" style=\"--awb-bg-size:cover;--awb-width-large:100%;--awb-margin-top-large:0px;--awb-spacing-right-large:1.92%;--awb-margin-bottom-large:20px;--awb-spacing-left-large:1.92%;--awb-width-medium:100%;--awb-spacing-right-medium:1.92%;--awb-spacing-left-medium:1.92%;--awb-width-small:100%;--awb-spacing-right-small:1.92%;--awb-spacing-left-small:1.92%;\" data-animationType=\"fadeInUp\" data-animationDuration=\"1.0\" data-animationOffset=\"top-into-view\"><div class=\"fusion-column-wrapper fusion-column-has-shadow fusion-flex-justify-content-flex-start fusion-content-layout-column\"><div class=\"fusion-image-element \" style=\"--awb-caption-title-font-family:var(--h2_typography-font-family);--awb-caption-title-font-weight:var(--h2_typography-font-weight);--awb-caption-title-font-style:var(--h2_typography-font-style);--awb-caption-title-size:var(--h2_typography-font-size);--awb-caption-title-transform:var(--h2_typography-text-transform);--awb-caption-title-line-height:var(--h2_typography-line-height);--awb-caption-title-letter-spacing:var(--h2_typography-letter-spacing);\"><span class=\" fusion-imageframe imageframe-none imageframe-1 hover-type-none\" style=\"border-radius:8px;\"><img decoding=\"async\" width=\"1415\" height=\"1060\" alt=\"Calefacci\u00f3n\" title=\"Calefacci\u00f3n instalaciones alegre\" src=\"data:image\/svg+xml,%3Csvg%20xmlns%3D%27http%3A%2F%2Fwww.w3.org%2F2000%2Fsvg%27%20width%3D%271415%27%20height%3D%271060%27%20viewBox%3D%270%200%201415%201060%27%3E%3Crect%20width%3D%271415%27%20height%3D%271060%27%20fill-opacity%3D%220%22%2F%3E%3C%2Fsvg%3E\" data-orig-src=\"https:\/\/instalacionesalegre.com\/wp-content\/uploads\/2020\/03\/central-heating-content-image.jpg\" class=\"lazyload img-responsive wp-image-268\"\/><\/span><\/div><div class=\"fusion-title title fusion-title-1 fusion-sep-none fusion-title-text fusion-title-size-three\" style=\"--awb-margin-top:40px;--awb-margin-bottom:30px;--awb-margin-top-small:40px;--awb-margin-bottom-small:30px;\"><h3 class=\"fusion-title-heading title-heading-left fusion-responsive-typography-calculated\" style=\"margin:0;text-transform:capitalize;--fontSize:28;line-height:1.2;\">Servicios de Climatizaci\u00f3n con Instalaciones Alegre<\/h3><\/div><div class=\"fusion-text fusion-text-1\"><p>En la actualidad, la creaci\u00f3n de un ambiente c\u00e1lido y agradable es esencial para cualquier negocio. La comodidad de sus clientes en su local es un factor clave para el \u00e9xito, y lograrlo depende en gran medida de contar con un sistema de climatizaci\u00f3n eficiente y confiable.<\/p>\n<p><strong>Climatizaci\u00f3n a Medida para su Espacio<\/strong><\/p>\n<p>En <strong>Instalaciones Alegre<\/strong>, comprendemos la importancia de mantener un ambiente \u00f3ptimo en su negocio, hogar u oficina durante todo el a\u00f1o. Por eso, ofrecemos una amplia gama de soluciones de climatizaci\u00f3n dise\u00f1adas para satisfacer sus necesidades espec\u00edficas.<\/p>\n<p><strong>Nuestros Servicios de Climatizaci\u00f3n Incluyen:<\/strong><\/p>\n<ul>\n<li><strong>Dise\u00f1o Personalizado<\/strong>: Nuestro equipo de expertos en climatizaci\u00f3n trabajar\u00e1 de la mano con usted para dise\u00f1ar un sistema que se adapte perfectamente a su espacio y requisitos.<\/li>\n<li><strong>Instalaci\u00f3n Profesional<\/strong>: Contamos con una larga trayectoria en la instalaci\u00f3n de sistemas de climatizaci\u00f3n de alta calidad. Garantizamos una instalaci\u00f3n eficiente y sin complicaciones.<\/li>\n<li><strong>Mantenimiento y Reparaci\u00f3n<\/strong>: Adem\u00e1s de la instalaci\u00f3n, ofrecemos servicios de mantenimiento y reparaci\u00f3n para asegurarnos de que su sistema de climatizaci\u00f3n funcione de manera \u00f3ptima en todo momento.<\/li>\n<li><strong>Eficiencia Energ\u00e9tica<\/strong>: Nos comprometemos a proporcionar soluciones que sean energ\u00e9ticamente eficientes, lo que no solo reduce sus costos operativos, sino que tambi\u00e9n es amigable con el medio ambiente.<\/li>\n<li><strong>Confort en Cualquier Estaci\u00f3n<\/strong>: Ya sea que necesite calefacci\u00f3n en invierno o refrigeraci\u00f3n en verano, estamos aqu\u00ed para garantizar que su espacio est\u00e9 siempre a la temperatura adecuada.<\/li>\n<\/ul>\n<p>En <strong>Instalaciones Alegre<\/strong>, entendemos que la climatizaci\u00f3n adecuada no solo crea un ambiente agradable, sino que tambi\u00e9n mejora la productividad y la satisfacci\u00f3n de sus clientes o empleados. Conf\u00ede en nosotros para brindarle soluciones de climatizaci\u00f3n de primera clase que marcar\u00e1n la diferencia en su espacio.<\/p>\n<\/div><\/div><\/div><\/div><\/div>\n","protected":false},"excerpt":{"rendered":"","protected":false},"author":1,"featured_media":248,"parent":14,"menu_order":0,"comment_status":"closed","ping_status":"closed","template":"100-width.php","meta":{"footnotes":""},"class_list":["post-18","page","type-page","status-publish","has-post-thumbnail","hentry"],"yoast_head":"<!-- This site is optimized with the Yoast SEO plugin v21.7 - https:\/\/yoast.com\/wordpress\/plugins\/seo\/ -->\n<title>Climatizaci\u00f3n - Instalaciones Alegre<\/title>\n<meta name=\"description\" content=\"Optimiza la temperatura en tu espacio con nuestro servicio de climatizaci\u00f3n en Instalaciones Alegre. Pide presupuesto.\" \/>\n<meta name=\"robots\" content=\"index, follow, max-snippet:-1, max-image-preview:large, max-video-preview:-1\" \/>\n<link rel=\"canonical\" href=\"https:\/\/instalacionesalegre.com\/index.php\/servicios\/climatizacion\/\" \/>\n<meta property=\"og:locale\" content=\"es_ES\" \/>\n<meta property=\"og:type\" content=\"article\" \/>\n<meta property=\"og:title\" content=\"Climatizaci\u00f3n - Instalaciones Alegre\" \/>\n<meta property=\"og:description\" content=\"Optimiza la temperatura en tu espacio con nuestro servicio de climatizaci\u00f3n en Instalaciones Alegre. Pide presupuesto.\" \/>\n<meta property=\"og:url\" content=\"https:\/\/instalacionesalegre.com\/index.php\/servicios\/climatizacion\/\" \/>\n<meta property=\"og:site_name\" content=\"Instalaciones Alegre\" \/>\n<meta property=\"article:modified_time\" content=\"2023-09-27T16:14:22+00:00\" \/>\n<meta property=\"og:image\" content=\"https:\/\/instalacionesalegre.com\/wp-content\/uploads\/2020\/03\/central-heating-feature-image-scaled-1.jpg\" \/>\n\t<meta property=\"og:image:width\" content=\"2560\" \/>\n\t<meta property=\"og:image:height\" content=\"1017\" \/>\n\t<meta property=\"og:image:type\" content=\"image\/jpeg\" \/>\n<meta name=\"twitter:card\" content=\"summary_large_image\" \/>\n<meta name=\"twitter:label1\" content=\"Tiempo de lectura\" \/>\n\t<meta name=\"twitter:data1\" content=\"3 minutos\" \/>\n<script type=\"application\/ld+json\" class=\"yoast-schema-graph\">{\"@context\":\"https:\/\/schema.org\",\"@graph\":[{\"@type\":\"WebPage\",\"@id\":\"https:\/\/instalacionesalegre.com\/index.php\/servicios\/climatizacion\/\",\"url\":\"https:\/\/instalacionesalegre.com\/index.php\/servicios\/climatizacion\/\",\"name\":\"Climatizaci\u00f3n - Instalaciones Alegre\",\"isPartOf\":{\"@id\":\"https:\/\/instalacionesalegre.com\/#website\"},\"datePublished\":\"2020-03-11T08:58:18+00:00\",\"dateModified\":\"2023-09-27T16:14:22+00:00\",\"description\":\"Optimiza la temperatura en tu espacio con nuestro servicio de climatizaci\u00f3n en Instalaciones Alegre. Pide presupuesto.\",\"breadcrumb\":{\"@id\":\"https:\/\/instalacionesalegre.com\/index.php\/servicios\/climatizacion\/#breadcrumb\"},\"inLanguage\":\"es\",\"potentialAction\":[{\"@type\":\"ReadAction\",\"target\":[\"https:\/\/instalacionesalegre.com\/index.php\/servicios\/climatizacion\/\"]}]},{\"@type\":\"BreadcrumbList\",\"@id\":\"https:\/\/instalacionesalegre.com\/index.php\/servicios\/climatizacion\/#breadcrumb\",\"itemListElement\":[{\"@type\":\"ListItem\",\"position\":1,\"name\":\"Portada\",\"item\":\"https:\/\/instalacionesalegre.com\/\"},{\"@type\":\"ListItem\",\"position\":2,\"name\":\"Servicios\",\"item\":\"https:\/\/instalacionesalegre.com\/index.php\/servicios\/\"},{\"@type\":\"ListItem\",\"position\":3,\"name\":\"Climatizaci\u00f3n\"}]},{\"@type\":\"WebSite\",\"@id\":\"https:\/\/instalacionesalegre.com\/#website\",\"url\":\"https:\/\/instalacionesalegre.com\/\",\"name\":\"Instalaciones Alegre\",\"description\":\"Empresa de Climatizaci\u00f3n, Biomasa y Geotermia\",\"potentialAction\":[{\"@type\":\"SearchAction\",\"target\":{\"@type\":\"EntryPoint\",\"urlTemplate\":\"https:\/\/instalacionesalegre.com\/?s={search_term_string}\"},\"query-input\":\"required name=search_term_string\"}],\"inLanguage\":\"es\"}]}<\/script>\n<!-- \/ Yoast SEO plugin. -->","yoast_head_json":{"title":"Climatizaci\u00f3n - Instalaciones Alegre","description":"Optimiza la temperatura en tu espacio con nuestro servicio de climatizaci\u00f3n en Instalaciones Alegre. Pide presupuesto.","robots":{"index":"index","follow":"follow","max-snippet":"max-snippet:-1","max-image-preview":"max-image-preview:large","max-video-preview":"max-video-preview:-1"},"canonical":"https:\/\/instalacionesalegre.com\/index.php\/servicios\/climatizacion\/","og_locale":"es_ES","og_type":"article","og_title":"Climatizaci\u00f3n - Instalaciones Alegre","og_description":"Optimiza la temperatura en tu espacio con nuestro servicio de climatizaci\u00f3n en Instalaciones Alegre. Pide presupuesto.","og_url":"https:\/\/instalacionesalegre.com\/index.php\/servicios\/climatizacion\/","og_site_name":"Instalaciones Alegre","article_modified_time":"2023-09-27T16:14:22+00:00","og_image":[{"width":2560,"height":1017,"url":"https:\/\/instalacionesalegre.com\/wp-content\/uploads\/2020\/03\/central-heating-feature-image-scaled-1.jpg","type":"image\/jpeg"}],"twitter_card":"summary_large_image","twitter_misc":{"Tiempo de lectura":"3 minutos"},"schema":{"@context":"https:\/\/schema.org","@graph":[{"@type":"WebPage","@id":"https:\/\/instalacionesalegre.com\/index.php\/servicios\/climatizacion\/","url":"https:\/\/instalacionesalegre.com\/index.php\/servicios\/climatizacion\/","name":"Climatizaci\u00f3n - Instalaciones Alegre","isPartOf":{"@id":"https:\/\/instalacionesalegre.com\/#website"},"datePublished":"2020-03-11T08:58:18+00:00","dateModified":"2023-09-27T16:14:22+00:00","description":"Optimiza la temperatura en tu espacio con nuestro servicio de climatizaci\u00f3n en Instalaciones Alegre. Pide presupuesto.","breadcrumb":{"@id":"https:\/\/instalacionesalegre.com\/index.php\/servicios\/climatizacion\/#breadcrumb"},"inLanguage":"es","potentialAction":[{"@type":"ReadAction","target":["https:\/\/instalacionesalegre.com\/index.php\/servicios\/climatizacion\/"]}]},{"@type":"BreadcrumbList","@id":"https:\/\/instalacionesalegre.com\/index.php\/servicios\/climatizacion\/#breadcrumb","itemListElement":[{"@type":"ListItem","position":1,"name":"Portada","item":"https:\/\/instalacionesalegre.com\/"},{"@type":"ListItem","position":2,"name":"Servicios","item":"https:\/\/instalacionesalegre.com\/index.php\/servicios\/"},{"@type":"ListItem","position":3,"name":"Climatizaci\u00f3n"}]},{"@type":"WebSite","@id":"https:\/\/instalacionesalegre.com\/#website","url":"https:\/\/instalacionesalegre.com\/","name":"Instalaciones Alegre","description":"Empresa de Climatizaci\u00f3n, Biomasa y Geotermia","potentialAction":[{"@type":"SearchAction","target":{"@type":"EntryPoint","urlTemplate":"https:\/\/instalacionesalegre.com\/?s={search_term_string}"},"query-input":"required name=search_term_string"}],"inLanguage":"es"}]}},"_links":{"self":[{"href":"https:\/\/instalacionesalegre.com\/index.php\/wp-json\/wp\/v2\/pages\/18","targetHints":{"allow":["GET"]}}],"collection":[{"href":"https:\/\/instalacionesalegre.com\/index.php\/wp-json\/wp\/v2\/pages"}],"about":[{"href":"https:\/\/instalacionesalegre.com\/index.php\/wp-json\/wp\/v2\/types\/page"}],"author":[{"embeddable":true,"href":"https:\/\/instalacionesalegre.com\/index.php\/wp-json\/wp\/v2\/users\/1"}],"replies":[{"embeddable":true,"href":"https:\/\/instalacionesalegre.com\/index.php\/wp-json\/wp\/v2\/comments?post=18"}],"version-history":[{"count":5,"href":"https:\/\/instalacionesalegre.com\/index.php\/wp-json\/wp\/v2\/pages\/18\/revisions"}],"predecessor-version":[{"id":2487,"href":"https:\/\/instalacionesalegre.com\/index.php\/wp-json\/wp\/v2\/pages\/18\/revisions\/2487"}],"up":[{"embeddable":true,"href":"https:\/\/instalacionesalegre.com\/index.php\/wp-json\/wp\/v2\/pages\/14"}],"wp:featuredmedia":[{"embeddable":true,"href":"https:\/\/instalacionesalegre.com\/index.php\/wp-json\/wp\/v2\/media\/248"}],"wp:attachment":[{"href":"https:\/\/instalacionesalegre.com\/index.php\/wp-json\/wp\/v2\/media?parent=18"}],"curies":[{"name":"wp","href":"https:\/\/api.w.org\/{rel}","templated":true}]}}