{"id":28,"date":"2020-03-11T09:05:43","date_gmt":"2020-03-11T09:05:43","guid":{"rendered":"https:\/\/alegre.180gr.com\/?page_id=28"},"modified":"2023-09-27T16:12:20","modified_gmt":"2023-09-27T16:12:20","slug":"biomasas","status":"publish","type":"page","link":"https:\/\/instalacionesalegre.com\/index.php\/servicios\/biomasas\/","title":{"rendered":"Biomasa"},"content":{"rendered":"<div class=\"fusion-fullwidth fullwidth-box fusion-builder-row-1 fusion-flex-container nonhundred-percent-fullwidth non-hundred-percent-height-scrolling\" style=\"--awb-border-radius-top-left:0px;--awb-border-radius-top-right:0px;--awb-border-radius-bottom-right:0px;--awb-border-radius-bottom-left:0px;--awb-padding-right:0px;--awb-padding-left:0px;--awb-flex-wrap:wrap;\" ><div class=\"fusion-builder-row fusion-row fusion-flex-align-items-flex-start fusion-flex-content-wrap\" style=\"max-width:1185.6px;margin-left: calc(-4% \/ 2 );margin-right: calc(-4% \/ 2 );\"><div class=\"fusion-layout-column fusion_builder_column fusion-builder-column-0 fusion_builder_column_1_1 1_1 fusion-flex-column fusion-animated\" style=\"--awb-bg-size:cover;--awb-width-large:100%;--awb-margin-top-large:0px;--awb-spacing-right-large:1.92%;--awb-margin-bottom-large:20px;--awb-spacing-left-large:1.92%;--awb-width-medium:100%;--awb-spacing-right-medium:1.92%;--awb-spacing-left-medium:1.92%;--awb-width-small:100%;--awb-spacing-right-small:1.92%;--awb-spacing-left-small:1.92%;\" data-animationType=\"fadeInUp\" data-animationDuration=\"1.0\" data-animationOffset=\"top-into-view\"><div class=\"fusion-column-wrapper fusion-column-has-shadow fusion-flex-justify-content-flex-start fusion-content-layout-column\"><div class=\"fusion-image-element \" style=\"--awb-caption-title-font-family:var(--h2_typography-font-family);--awb-caption-title-font-weight:var(--h2_typography-font-weight);--awb-caption-title-font-style:var(--h2_typography-font-style);--awb-caption-title-size:var(--h2_typography-font-size);--awb-caption-title-transform:var(--h2_typography-text-transform);--awb-caption-title-line-height:var(--h2_typography-line-height);--awb-caption-title-letter-spacing:var(--h2_typography-letter-spacing);\"><span class=\" fusion-imageframe imageframe-none imageframe-1 hover-type-none\" style=\"border-radius:8px;\"><img decoding=\"async\" width=\"1500\" height=\"1000\" alt=\"Biomasa instalaciones Alegre\" title=\"pellets-madera-hojas-troncos-arboles-concepto-combustible-eco-sostenible\" src=\"https:\/\/instalacionesalegre.com\/wp-content\/uploads\/2023\/09\/pellets-madera-hojas-troncos-arboles-concepto-combustible-eco-sostenible.jpeg\" data-orig-src=\"https:\/\/instalacionesalegre.com\/wp-content\/uploads\/2023\/09\/pellets-madera-hojas-troncos-arboles-concepto-combustible-eco-sostenible.jpeg\" class=\"lazyload img-responsive wp-image-2464\" srcset=\"data:image\/svg+xml,%3Csvg%20xmlns%3D%27http%3A%2F%2Fwww.w3.org%2F2000%2Fsvg%27%20width%3D%271500%27%20height%3D%271000%27%20viewBox%3D%270%200%201500%201000%27%3E%3Crect%20width%3D%271500%27%20height%3D%271000%27%20fill-opacity%3D%220%22%2F%3E%3C%2Fsvg%3E\" data-srcset=\"https:\/\/instalacionesalegre.com\/wp-content\/uploads\/2023\/09\/pellets-madera-hojas-troncos-arboles-concepto-combustible-eco-sostenible-200x133.jpeg 200w, https:\/\/instalacionesalegre.com\/wp-content\/uploads\/2023\/09\/pellets-madera-hojas-troncos-arboles-concepto-combustible-eco-sostenible-400x267.jpeg 400w, https:\/\/instalacionesalegre.com\/wp-content\/uploads\/2023\/09\/pellets-madera-hojas-troncos-arboles-concepto-combustible-eco-sostenible-600x400.jpeg 600w, https:\/\/instalacionesalegre.com\/wp-content\/uploads\/2023\/09\/pellets-madera-hojas-troncos-arboles-concepto-combustible-eco-sostenible-800x533.jpeg 800w, https:\/\/instalacionesalegre.com\/wp-content\/uploads\/2023\/09\/pellets-madera-hojas-troncos-arboles-concepto-combustible-eco-sostenible-1200x800.jpeg 1200w, https:\/\/instalacionesalegre.com\/wp-content\/uploads\/2023\/09\/pellets-madera-hojas-troncos-arboles-concepto-combustible-eco-sostenible.jpeg 1500w\" data-sizes=\"auto\" data-orig-sizes=\"(max-width: 1024px) 100vw, (max-width: 640px) 100vw, 1200px\" \/><\/span><\/div><div class=\"fusion-title title fusion-title-1 fusion-sep-none fusion-title-text fusion-title-size-three\" style=\"--awb-margin-top:40px;--awb-margin-bottom:30px;--awb-margin-top-small:40px;--awb-margin-bottom-small:30px;\"><h3 class=\"fusion-title-heading title-heading-left fusion-responsive-typography-calculated\" style=\"margin:0;text-transform:capitalize;--fontSize:28;line-height:1.2;\">Biomasa<\/h3><\/div><div class=\"fusion-text fusion-text-1\"><p>En <strong>Instalaciones Alegre<\/strong>, somos especialistas en sistemas de calefacci\u00f3n por biomasa, una soluci\u00f3n sostenible y eficiente que se ha convertido en una elecci\u00f3n inteligente para el confort t\u00e9rmico y la protecci\u00f3n del medio ambiente.<\/p>\n<p><strong>Calefacci\u00f3n Sostenible con Biomasa<\/strong><\/p>\n<p>La calefacci\u00f3n por biomasa se basa en la combusti\u00f3n de residuos naturales, como la madera en forma de virutas prensadas. Este proceso no solo aprovecha una fuente de energ\u00eda renovable, sino que tambi\u00e9n garantiza una larga duraci\u00f3n de la combusti\u00f3n y un alto rendimiento calor\u00edfico. Adem\u00e1s, uno de los grandes beneficios de la biomasa es su costo inferior en comparaci\u00f3n con otros combustibles f\u00f3siles.<\/p>\n<p><strong>Ventajas de Nuestros Servicios de Biomasa<\/strong><\/p>\n<ul>\n<li><strong>Sostenibilidad Ambiental<\/strong>: Optar por la calefacci\u00f3n por biomasa contribuye significativamente a la reducci\u00f3n de emisiones de carbono y al uso responsable de recursos naturales.<\/li>\n<li><strong>Ahorro Econ\u00f3mico<\/strong>: La biomasa es una alternativa econ\u00f3mica para la calefacci\u00f3n, lo que se traduce en facturas m\u00e1s bajas a largo plazo.<\/li>\n<li><strong>Independencia Energ\u00e9tica<\/strong>: Al utilizar una fuente de energ\u00eda renovable local, reduce su dependencia de combustibles f\u00f3siles importados.<\/li>\n<li><strong>Eficiencia Energ\u00e9tica<\/strong>: Los sistemas de calefacci\u00f3n por biomasa est\u00e1n dise\u00f1ados para ser altamente eficientes, lo que garantiza un calentamiento efectivo de su espacio.<\/li>\n<li><strong>Calor Confortable<\/strong>: Disfrute de un ambiente c\u00e1lido y acogedor en su hogar u oficina durante todo el a\u00f1o, sin sacrificar la comodidad ni el rendimiento.<\/li>\n<\/ul>\n<p>En <strong>Instalaciones Alegre<\/strong>, estamos comprometidos a brindarle sistemas de calefacci\u00f3n por biomasa de primera calidad que no solo le aportar\u00e1n beneficios econ\u00f3micos, sino que tambi\u00e9n le permitir\u00e1n tomar medidas concretas para proteger nuestro entorno natural. Descubra c\u00f3mo la biomasa puede transformar su forma de calefaccionar y contribuir al bienestar de su hogar y del planeta.<\/p>\n<\/div><\/div><\/div><\/div><\/div>\n","protected":false},"excerpt":{"rendered":"","protected":false},"author":1,"featured_media":744,"parent":14,"menu_order":0,"comment_status":"closed","ping_status":"closed","template":"100-width.php","meta":{"footnotes":""},"class_list":["post-28","page","type-page","status-publish","has-post-thumbnail","hentry"],"yoast_head":"<!-- This site is optimized with the Yoast SEO plugin v21.7 - https:\/\/yoast.com\/wordpress\/plugins\/seo\/ -->\n<title>Biomasa - Instalaciones Alegre<\/title>\n<meta name=\"description\" content=\"Biomasa en Instalaciones Alegre. Transformamos la energ\u00eda de la naturaleza en una soluci\u00f3n de calefacci\u00f3n y energ\u00eda\" \/>\n<meta name=\"robots\" content=\"index, follow, max-snippet:-1, max-image-preview:large, max-video-preview:-1\" \/>\n<link rel=\"canonical\" href=\"https:\/\/instalacionesalegre.com\/index.php\/servicios\/biomasas\/\" \/>\n<meta property=\"og:locale\" content=\"es_ES\" \/>\n<meta property=\"og:type\" content=\"article\" \/>\n<meta property=\"og:title\" content=\"Biomasa - Instalaciones Alegre\" \/>\n<meta property=\"og:description\" content=\"Biomasa en Instalaciones Alegre. Transformamos la energ\u00eda de la naturaleza en una soluci\u00f3n de calefacci\u00f3n y energ\u00eda\" \/>\n<meta property=\"og:url\" content=\"https:\/\/instalacionesalegre.com\/index.php\/servicios\/biomasas\/\" \/>\n<meta property=\"og:site_name\" content=\"Instalaciones Alegre\" \/>\n<meta property=\"article:modified_time\" content=\"2023-09-27T16:12:20+00:00\" \/>\n<meta property=\"og:image\" content=\"https:\/\/instalacionesalegre.com\/wp-content\/uploads\/2020\/08\/drain-clear-hero.jpg\" \/>\n\t<meta property=\"og:image:width\" content=\"2560\" \/>\n\t<meta property=\"og:image:height\" content=\"1017\" \/>\n\t<meta property=\"og:image:type\" content=\"image\/jpeg\" \/>\n<meta name=\"twitter:card\" content=\"summary_large_image\" \/>\n<meta name=\"twitter:label1\" content=\"Tiempo de lectura\" \/>\n\t<meta name=\"twitter:data1\" content=\"3 minutos\" \/>\n<script type=\"application\/ld+json\" class=\"yoast-schema-graph\">{\"@context\":\"https:\/\/schema.org\",\"@graph\":[{\"@type\":\"WebPage\",\"@id\":\"https:\/\/instalacionesalegre.com\/index.php\/servicios\/biomasas\/\",\"url\":\"https:\/\/instalacionesalegre.com\/index.php\/servicios\/biomasas\/\",\"name\":\"Biomasa - Instalaciones Alegre\",\"isPartOf\":{\"@id\":\"https:\/\/instalacionesalegre.com\/#website\"},\"datePublished\":\"2020-03-11T09:05:43+00:00\",\"dateModified\":\"2023-09-27T16:12:20+00:00\",\"description\":\"Biomasa en Instalaciones Alegre. Transformamos la energ\u00eda de la naturaleza en una soluci\u00f3n de calefacci\u00f3n y energ\u00eda\",\"breadcrumb\":{\"@id\":\"https:\/\/instalacionesalegre.com\/index.php\/servicios\/biomasas\/#breadcrumb\"},\"inLanguage\":\"es\",\"potentialAction\":[{\"@type\":\"ReadAction\",\"target\":[\"https:\/\/instalacionesalegre.com\/index.php\/servicios\/biomasas\/\"]}]},{\"@type\":\"BreadcrumbList\",\"@id\":\"https:\/\/instalacionesalegre.com\/index.php\/servicios\/biomasas\/#breadcrumb\",\"itemListElement\":[{\"@type\":\"ListItem\",\"position\":1,\"name\":\"Portada\",\"item\":\"https:\/\/instalacionesalegre.com\/\"},{\"@type\":\"ListItem\",\"position\":2,\"name\":\"Servicios\",\"item\":\"https:\/\/instalacionesalegre.com\/index.php\/servicios\/\"},{\"@type\":\"ListItem\",\"position\":3,\"name\":\"Biomasa\"}]},{\"@type\":\"WebSite\",\"@id\":\"https:\/\/instalacionesalegre.com\/#website\",\"url\":\"https:\/\/instalacionesalegre.com\/\",\"name\":\"Instalaciones Alegre\",\"description\":\"Empresa de Climatizaci\u00f3n, Biomasa y Geotermia\",\"potentialAction\":[{\"@type\":\"SearchAction\",\"target\":{\"@type\":\"EntryPoint\",\"urlTemplate\":\"https:\/\/instalacionesalegre.com\/?s={search_term_string}\"},\"query-input\":\"required name=search_term_string\"}],\"inLanguage\":\"es\"}]}<\/script>\n<!-- \/ Yoast SEO plugin. -->","yoast_head_json":{"title":"Biomasa - Instalaciones Alegre","description":"Biomasa en Instalaciones Alegre. Transformamos la energ\u00eda de la naturaleza en una soluci\u00f3n de calefacci\u00f3n y energ\u00eda","robots":{"index":"index","follow":"follow","max-snippet":"max-snippet:-1","max-image-preview":"max-image-preview:large","max-video-preview":"max-video-preview:-1"},"canonical":"https:\/\/instalacionesalegre.com\/index.php\/servicios\/biomasas\/","og_locale":"es_ES","og_type":"article","og_title":"Biomasa - Instalaciones Alegre","og_description":"Biomasa en Instalaciones Alegre. Transformamos la energ\u00eda de la naturaleza en una soluci\u00f3n de calefacci\u00f3n y energ\u00eda","og_url":"https:\/\/instalacionesalegre.com\/index.php\/servicios\/biomasas\/","og_site_name":"Instalaciones Alegre","article_modified_time":"2023-09-27T16:12:20+00:00","og_image":[{"width":2560,"height":1017,"url":"https:\/\/instalacionesalegre.com\/wp-content\/uploads\/2020\/08\/drain-clear-hero.jpg","type":"image\/jpeg"}],"twitter_card":"summary_large_image","twitter_misc":{"Tiempo de lectura":"3 minutos"},"schema":{"@context":"https:\/\/schema.org","@graph":[{"@type":"WebPage","@id":"https:\/\/instalacionesalegre.com\/index.php\/servicios\/biomasas\/","url":"https:\/\/instalacionesalegre.com\/index.php\/servicios\/biomasas\/","name":"Biomasa - Instalaciones Alegre","isPartOf":{"@id":"https:\/\/instalacionesalegre.com\/#website"},"datePublished":"2020-03-11T09:05:43+00:00","dateModified":"2023-09-27T16:12:20+00:00","description":"Biomasa en Instalaciones Alegre. Transformamos la energ\u00eda de la naturaleza en una soluci\u00f3n de calefacci\u00f3n y energ\u00eda","breadcrumb":{"@id":"https:\/\/instalacionesalegre.com\/index.php\/servicios\/biomasas\/#breadcrumb"},"inLanguage":"es","potentialAction":[{"@type":"ReadAction","target":["https:\/\/instalacionesalegre.com\/index.php\/servicios\/biomasas\/"]}]},{"@type":"BreadcrumbList","@id":"https:\/\/instalacionesalegre.com\/index.php\/servicios\/biomasas\/#breadcrumb","itemListElement":[{"@type":"ListItem","position":1,"name":"Portada","item":"https:\/\/instalacionesalegre.com\/"},{"@type":"ListItem","position":2,"name":"Servicios","item":"https:\/\/instalacionesalegre.com\/index.php\/servicios\/"},{"@type":"ListItem","position":3,"name":"Biomasa"}]},{"@type":"WebSite","@id":"https:\/\/instalacionesalegre.com\/#website","url":"https:\/\/instalacionesalegre.com\/","name":"Instalaciones Alegre","description":"Empresa de Climatizaci\u00f3n, Biomasa y Geotermia","potentialAction":[{"@type":"SearchAction","target":{"@type":"EntryPoint","urlTemplate":"https:\/\/instalacionesalegre.com\/?s={search_term_string}"},"query-input":"required name=search_term_string"}],"inLanguage":"es"}]}},"_links":{"self":[{"href":"https:\/\/instalacionesalegre.com\/index.php\/wp-json\/wp\/v2\/pages\/28","targetHints":{"allow":["GET"]}}],"collection":[{"href":"https:\/\/instalacionesalegre.com\/index.php\/wp-json\/wp\/v2\/pages"}],"about":[{"href":"https:\/\/instalacionesalegre.com\/index.php\/wp-json\/wp\/v2\/types\/page"}],"author":[{"embeddable":true,"href":"https:\/\/instalacionesalegre.com\/index.php\/wp-json\/wp\/v2\/users\/1"}],"replies":[{"embeddable":true,"href":"https:\/\/instalacionesalegre.com\/index.php\/wp-json\/wp\/v2\/comments?post=28"}],"version-history":[{"count":5,"href":"https:\/\/instalacionesalegre.com\/index.php\/wp-json\/wp\/v2\/pages\/28\/revisions"}],"predecessor-version":[{"id":2485,"href":"https:\/\/instalacionesalegre.com\/index.php\/wp-json\/wp\/v2\/pages\/28\/revisions\/2485"}],"up":[{"embeddable":true,"href":"https:\/\/instalacionesalegre.com\/index.php\/wp-json\/wp\/v2\/pages\/14"}],"wp:featuredmedia":[{"embeddable":true,"href":"https:\/\/instalacionesalegre.com\/index.php\/wp-json\/wp\/v2\/media\/744"}],"wp:attachment":[{"href":"https:\/\/instalacionesalegre.com\/index.php\/wp-json\/wp\/v2\/media?parent=28"}],"curies":[{"name":"wp","href":"https:\/\/api.w.org\/{rel}","templated":true}]}}