{"id":56,"date":"2020-03-11T09:19:17","date_gmt":"2020-03-11T09:19:17","guid":{"rendered":"https:\/\/alegre.180gr.com\/?page_id=56"},"modified":"2023-09-27T16:08:02","modified_gmt":"2023-09-27T16:08:02","slug":"terms-conditions","status":"publish","type":"page","link":"https:\/\/instalacionesalegre.com\/index.php\/terms-conditions\/","title":{"rendered":"Aviso legal"},"content":{"rendered":"<p><div class=\"fusion-fullwidth fullwidth-box fusion-builder-row-1 fusion-flex-container nonhundred-percent-fullwidth non-hundred-percent-height-scrolling\" style=\"--awb-border-radius-top-left:0px;--awb-border-radius-top-right:0px;--awb-border-radius-bottom-right:0px;--awb-border-radius-bottom-left:0px;--awb-padding-top:6%;--awb-padding-bottom:6%;--awb-flex-wrap:wrap;\" ><div class=\"fusion-builder-row fusion-row fusion-flex-align-items-flex-start fusion-flex-content-wrap\" style=\"max-width:calc( 1140px + 0px );margin-left: calc(-0px \/ 2 );margin-right: calc(-0px \/ 2 );\"><div class=\"fusion-layout-column fusion_builder_column fusion-builder-column-0 fusion_builder_column_1_1 1_1 fusion-flex-column fusion-animated\" style=\"--awb-bg-size:cover;--awb-width-large:100%;--awb-margin-top-large:0px;--awb-spacing-right-large:0px;--awb-margin-bottom-large:20px;--awb-spacing-left-large:0px;--awb-width-medium:100%;--awb-spacing-right-medium:0px;--awb-spacing-left-medium:0px;--awb-width-small:100%;--awb-spacing-right-small:0px;--awb-spacing-left-small:0px;\" data-animationType=\"fadeInUp\" data-animationDuration=\"1.0\" data-animationOffset=\"top-into-view\"><div class=\"fusion-column-wrapper fusion-column-has-shadow fusion-flex-justify-content-flex-start fusion-content-layout-column\"><\/div><\/div><div class=\"fusion-layout-column fusion_builder_column fusion-builder-column-1 fusion_builder_column_1_1 1_1 fusion-flex-column fusion-animated\" style=\"--awb-bg-size:cover;--awb-width-large:100%;--awb-margin-top-large:0px;--awb-spacing-right-large:0px;--awb-margin-bottom-large:20px;--awb-spacing-left-large:0px;--awb-width-medium:100%;--awb-spacing-right-medium:0px;--awb-spacing-left-medium:0px;--awb-width-small:100%;--awb-spacing-right-small:0px;--awb-spacing-left-small:0px;\" data-animationType=\"fadeInUp\" data-animationDuration=\"1.0\" data-animationOffset=\"top-into-view\"><div class=\"fusion-column-wrapper fusion-column-has-shadow fusion-flex-justify-content-flex-start fusion-content-layout-column\"><div class=\"fusion-text fusion-text-1\"><p>Aviso Legal<\/p>\n<p>En cumplimiento de lo establecido en la Ley 34\/2002 de Servicios de la Sociedad de la Informaci\u00f3n y de Comercio Electr\u00f3nico (LSSI-CE), as\u00ed como en el Reglamento General de Protecci\u00f3n de Datos (RGPD) de la Uni\u00f3n Europea, le informamos que esta p\u00e1gina web es propiedad de:<\/p>\n<p>INSTALACIONES ALEGRE ENERG\u00cdA Y SERVICIOS, S.L.<\/p>\n<p>Nueva direcci\u00f3n desde junio 2019: Hermanos Machado 5, 2\u00baC, 09001 Burgos, Burgos, Espa\u00f1a.<\/p>\n<p>NIF (N\u00famero de Identificaci\u00f3n Fiscal): B09485178<\/p>\n<p>Para contactar con nosotros, puede utilizar la direcci\u00f3n postal indicada anteriormente o el siguiente correo electr\u00f3nico: [correo electr\u00f3nico de contacto].<\/p>\n<p>Uso de Cookies<\/p>\n<p>Esta p\u00e1gina web no utiliza cookies de seguimiento ni recopila informaci\u00f3n personal a trav\u00e9s de las mismas. No obstante, es posible que se utilicen cookies t\u00e9cnicas necesarias para el funcionamiento b\u00e1sico del sitio web. Para obtener m\u00e1s informaci\u00f3n sobre el uso de cookies, consulte nuestra Pol\u00edtica de Cookies.<\/p>\n<p>Propiedad Intelectual e Industrial<\/p>\n<p>El contenido de esta p\u00e1gina web, incluyendo textos, im\u00e1genes, logotipos y cualquier otro elemento, est\u00e1 protegido por derechos de propiedad intelectual e industrial, que son propiedad de INSTALACIONES ALEGRE ENERG\u00cdA Y SERVICIOS, S.L. o de terceros autorizados. Queda prohibida la reproducci\u00f3n, distribuci\u00f3n, comunicaci\u00f3n p\u00fablica o cualquier otro uso no autorizado de dicho contenido.<\/p>\n<p>Responsabilidad<\/p>\n<p>INSTALACIONES ALEGRE ENERG\u00cdA Y SERVICIOS, S.L. no se hace responsable del uso indebido que se haga de la informaci\u00f3n contenida en esta p\u00e1gina web ni de los posibles da\u00f1os o perjuicios que pueda sufrir el usuario como resultado de dicho uso.<\/p>\n<p>Legislaci\u00f3n Aplicable y Jurisdicci\u00f3n<\/p>\n<p>Cualquier controversia o reclamaci\u00f3n relacionada con esta p\u00e1gina web se regir\u00e1 por la legislaci\u00f3n espa\u00f1ola y estar\u00e1 sujeta a la jurisdicci\u00f3n de los tribunales de la ciudad de Burgos.<\/p>\n<p>&nbsp;<\/p>\n<\/div><\/div><\/div><\/div><\/div><div class=\"fusion-fullwidth fullwidth-box fusion-builder-row-2 fusion-flex-container fusion-parallax-none hundred-percent-fullwidth non-hundred-percent-height-scrolling lazyload\" style=\"--awb-border-radius-top-left:0px;--awb-border-radius-top-right:0px;--awb-border-radius-bottom-right:0px;--awb-border-radius-bottom-left:0px;--awb-padding-top:6%;--awb-background-image:linear-gradient(0deg, hsla(var(--awb-color4-h),var(--awb-color4-s),var(--awb-color4-l),calc(var(--awb-color4-a) - 60%)) 0%,hsla(var(--awb-color2-h),var(--awb-color2-s),var(--awb-color2-l),calc(var(--awb-color2-a) - 60%)) 65%);;--awb-background-size:cover;--awb-flex-wrap:wrap;\" data-bg=\"https:\/\/instalacionesalegre.com\/wp-content\/uploads\/2020\/03\/lower-call-to-action-background-scaled-1.jpg\" data-bg-gradient=\"linear-gradient(0deg, hsla(var(--awb-color4-h),var(--awb-color4-s),var(--awb-color4-l),calc(var(--awb-color4-a) - 60%)) 0%,hsla(var(--awb-color2-h),var(--awb-color2-s),var(--awb-color2-l),calc(var(--awb-color2-a) - 60%)) 65%)\" ><div class=\"fusion-builder-row fusion-row fusion-flex-align-items-flex-start fusion-flex-content-wrap\" style=\"width:104% !important;max-width:104% !important;margin-left: calc(-4% \/ 2 );margin-right: calc(-4% \/ 2 );\"><div class=\"fusion-layout-column fusion_builder_column fusion-builder-column-2 fusion_builder_column_1_1 1_1 fusion-flex-column fusion-animated\" style=\"--awb-bg-size:cover;--awb-width-large:100%;--awb-margin-top-large:0px;--awb-spacing-right-large:1.92%;--awb-margin-bottom-large:20px;--awb-spacing-left-large:1.92%;--awb-width-medium:100%;--awb-spacing-right-medium:1.92%;--awb-spacing-left-medium:1.92%;--awb-width-small:100%;--awb-spacing-right-small:1.92%;--awb-spacing-left-small:1.92%;\" data-animationType=\"fadeInUp\" data-animationDuration=\"1.0\" data-animationOffset=\"top-into-view\"><div class=\"fusion-column-wrapper fusion-column-has-shadow fusion-flex-justify-content-flex-start fusion-content-layout-column\"><div class=\"fusion-title title fusion-title-1 fusion-sep-none fusion-title-center fusion-title-text fusion-title-size-one\" style=\"--awb-margin-top-small:40px;\"><h1 class=\"fusion-title-heading title-heading-center fusion-responsive-typography-calculated\" style=\"margin:0;letter-spacing:-0.03em;text-transform:none;--fontSize:60;line-height:var(--awb-typography1-line-height);\">Contacta con nosotros<\/h1><\/div><div class=\"fusion-title title fusion-title-2 fusion-sep-none fusion-title-center fusion-title-text fusion-title-size-three\" style=\"--awb-margin-top:5px;\"><h3 class=\"fusion-title-heading title-heading-center fusion-responsive-typography-calculated\" style=\"font-family:var(--awb-typography2-font-family);font-weight:var(--awb-typography2-font-weight);font-style:var(--awb-typography2-font-style);margin:0;letter-spacing:var(--awb-typography2-letter-spacing);text-transform:var(--awb-typography2-text-transform);--fontSize:28;line-height:var(--awb-typography2-line-height);\">INSTALACIONES ALEGRE: Transformando espacios, cuidando el planeta.<\/h3><\/div><\/div><\/div><div class=\"fusion-layout-column fusion_builder_column fusion-builder-column-3 fusion_builder_column_1_1 1_1 fusion-flex-column fusion-animated\" style=\"--awb-bg-size:cover;--awb-width-large:100%;--awb-margin-top-large:0px;--awb-spacing-right-large:1.92%;--awb-margin-bottom-large:20px;--awb-spacing-left-large:1.92%;--awb-width-medium:100%;--awb-spacing-right-medium:1.92%;--awb-spacing-left-medium:1.92%;--awb-width-small:100%;--awb-spacing-right-small:1.92%;--awb-spacing-left-small:1.92%;\" data-animationType=\"fadeInUp\" data-animationDuration=\"1.0\" data-animationOffset=\"top-into-view\"><div class=\"fusion-column-wrapper fusion-column-has-shadow fusion-flex-justify-content-flex-start fusion-content-layout-column\"><div style=\"text-align:center;\"><a class=\"fusion-button button-flat fusion-button-default-size button-custom fusion-button-default button-1 fusion-button-default-span fusion-button-default-type\" style=\"--button_accent_color:var(--awb-color7);--button_border_color:var(--awb-color5);--button_accent_hover_color:var(--awb-color1);--button_border_hover_color:var(--awb-color5);--button_border_width-top:2px;--button_border_width-right:2px;--button_border_width-bottom:2px;--button_border_width-left:2px;--button_gradient_top_color:var(--awb-color1);--button_gradient_bottom_color:var(--awb-color1);--button_gradient_top_color_hover:var(--awb-color5);--button_gradient_bottom_color_hover:var(--awb-color5);\" target=\"_self\" title=\"Explora nuestros servicios\" aria-label=\"Explora nuestros servicios\" href=\"tel:+34947101707\"><span class=\"fusion-button-text\">Ll\u00e1manos: 947 101 707<\/span><\/a><\/div><\/div><\/div><div class=\"fusion-layout-column fusion_builder_column fusion-builder-column-4 fusion_builder_column_1_1 1_1 fusion-flex-column\" style=\"--awb-bg-size:cover;--awb-width-large:100%;--awb-margin-top-large:0px;--awb-spacing-right-large:1.92%;--awb-margin-bottom-large:0px;--awb-spacing-left-large:1.92%;--awb-width-medium:100%;--awb-spacing-right-medium:1.92%;--awb-spacing-left-medium:1.92%;--awb-width-small:100%;--awb-spacing-right-small:1.92%;--awb-spacing-left-small:1.92%;\"><div class=\"fusion-column-wrapper fusion-column-has-shadow fusion-flex-justify-content-flex-start fusion-content-layout-column\"><div class=\"fusion-section-separator section-separator hills-opacity fusion-section-separator-1\" style=\"--awb-spacer-padding-top:17.7734375%;--awb-svg-margin-left:1.92%;--awb-svg-margin-right:1.92%;--awb-svg-margin-left-medium:1.92%;--awb-svg-margin-right-medium:1.92%;--awb-svg-margin-left-small:1.92%;--awb-svg-margin-right-small:1.92%;--awb-sep-font-size:0;--awb-sep-line-height:0;\"><div class=\"fusion-section-separator-svg\"><svg class=\"fusion-hills-opacity-candy\" xmlns=\"http:\/\/www.w3.org\/2000\/svg\" version=\"1.1\" width=\"100%\" viewBox=\"0 -0.5 1024 182\" preserveAspectRatio=\"none\" fill=\"rgba(255,255,255,1)\"><path class=\"st0\" d=\"M0 182.086h1024V41.593c-28.058-21.504-60.109-37.581-97.075-37.581-112.845 0-198.144 93.798-289.792 93.798S437.658 6.777 351.846 6.777s-142.234 82.125-238.49 82.125c-63.078 0-75.776-31.744-113.357-53.658L0 182.086z\"\/>\n\t\t\t\t\t\t\t\t\t<path class=\"st1\" d=\"M1024 181.062v-75.878c-39.731 15.872-80.794 27.341-117.658 25.805-110.387-4.506-191.795-109.773-325.53-116.224-109.158-5.12-344.166 120.115-429.466 166.298H1024v-.001z\"\/>\n\t\t\t\t\t\t\t\t\t<path class=\"st2\" d=\"M0 182.086h1024V90.028C966.451 59.103 907.059 16.3 824.115 15.071 690.278 13.023 665.19 102.93 482.099 102.93S202.138-1.62 74.24.019C46.49.326 21.811 4.217 0 9.849v172.237z\"\/>\n\t\t\t\t\t\t\t\t\t<path class=\"st3\" d=\"M0 182.086h1024V80.505c-37.171 19.558-80.691 35.328-139.571 36.25-151.142 2.355-141.619-28.57-298.496-29.184s-138.854 47.002-305.459 43.725C132.813 128.428 91.238 44.563 0 28.179v153.907z\"\/>\n\t\t\t\t\t\t\t\t\t<path class=\"st4\" d=\"M0 182.086h1024v-77.312c-49.05 20.07-120.525 42.394-193.229 42.086-128.922-.512-159.846-72.294-255.795-72.294-89.088 0-134.656 80.179-245.043 82.022S169.063 99.346 49.971 97.401C32.768 97.094 16.077 99.244 0 103.135v78.951z\"\/>\n\t\t\t\t\t\t\t\t<\/svg><\/div><div class=\"fusion-section-separator-spacer\"><div class=\"fusion-section-separator-spacer-height\"><\/div><\/div><\/div><\/div><\/div><\/div><\/div>\n<\/p>\n","protected":false},"excerpt":{"rendered":"","protected":false},"author":1,"featured_media":210,"parent":0,"menu_order":0,"comment_status":"closed","ping_status":"closed","template":"100-width.php","meta":{"footnotes":""},"class_list":["post-56","page","type-page","status-publish","has-post-thumbnail","hentry"],"yoast_head":"<!-- This site is optimized with the Yoast SEO plugin v21.7 - https:\/\/yoast.com\/wordpress\/plugins\/seo\/ -->\n<title>Aviso legal - Instalaciones Alegre<\/title>\n<meta name=\"description\" content=\"Aviso legal de la p\u00e1gina de Instalaciones Alegre. Expertos en geotermia, calefacci\u00f3n y climatizaci\u00f3n para hogares y negocios.\" \/>\n<meta name=\"robots\" content=\"index, follow, max-snippet:-1, max-image-preview:large, max-video-preview:-1\" \/>\n<link rel=\"canonical\" href=\"https:\/\/instalacionesalegre.com\/index.php\/terms-conditions\/\" \/>\n<meta property=\"og:locale\" content=\"es_ES\" \/>\n<meta property=\"og:type\" content=\"article\" \/>\n<meta property=\"og:title\" content=\"Aviso legal - Instalaciones Alegre\" \/>\n<meta property=\"og:description\" content=\"Aviso legal de la p\u00e1gina de Instalaciones Alegre. Expertos en geotermia, calefacci\u00f3n y climatizaci\u00f3n para hogares y negocios.\" \/>\n<meta property=\"og:url\" content=\"https:\/\/instalacionesalegre.com\/index.php\/terms-conditions\/\" \/>\n<meta property=\"og:site_name\" content=\"Instalaciones Alegre\" \/>\n<meta property=\"article:modified_time\" content=\"2023-09-27T16:08:02+00:00\" \/>\n<meta property=\"og:image\" content=\"https:\/\/instalacionesalegre.com\/wp-content\/uploads\/2020\/03\/services-feature-image-scaled-1.jpg\" \/>\n\t<meta property=\"og:image:width\" content=\"2560\" \/>\n\t<meta property=\"og:image:height\" content=\"841\" \/>\n\t<meta property=\"og:image:type\" content=\"image\/jpeg\" \/>\n<meta name=\"twitter:card\" content=\"summary_large_image\" \/>\n<meta name=\"twitter:label1\" content=\"Tiempo de lectura\" \/>\n\t<meta name=\"twitter:data1\" content=\"4 minutos\" \/>\n<script type=\"application\/ld+json\" class=\"yoast-schema-graph\">{\"@context\":\"https:\/\/schema.org\",\"@graph\":[{\"@type\":\"WebPage\",\"@id\":\"https:\/\/instalacionesalegre.com\/index.php\/terms-conditions\/\",\"url\":\"https:\/\/instalacionesalegre.com\/index.php\/terms-conditions\/\",\"name\":\"Aviso legal - Instalaciones Alegre\",\"isPartOf\":{\"@id\":\"https:\/\/instalacionesalegre.com\/#website\"},\"datePublished\":\"2020-03-11T09:19:17+00:00\",\"dateModified\":\"2023-09-27T16:08:02+00:00\",\"description\":\"Aviso legal de la p\u00e1gina de Instalaciones Alegre. Expertos en geotermia, calefacci\u00f3n y climatizaci\u00f3n para hogares y negocios.\",\"breadcrumb\":{\"@id\":\"https:\/\/instalacionesalegre.com\/index.php\/terms-conditions\/#breadcrumb\"},\"inLanguage\":\"es\",\"potentialAction\":[{\"@type\":\"ReadAction\",\"target\":[\"https:\/\/instalacionesalegre.com\/index.php\/terms-conditions\/\"]}]},{\"@type\":\"BreadcrumbList\",\"@id\":\"https:\/\/instalacionesalegre.com\/index.php\/terms-conditions\/#breadcrumb\",\"itemListElement\":[{\"@type\":\"ListItem\",\"position\":1,\"name\":\"Portada\",\"item\":\"https:\/\/instalacionesalegre.com\/\"},{\"@type\":\"ListItem\",\"position\":2,\"name\":\"Aviso legal\"}]},{\"@type\":\"WebSite\",\"@id\":\"https:\/\/instalacionesalegre.com\/#website\",\"url\":\"https:\/\/instalacionesalegre.com\/\",\"name\":\"Instalaciones Alegre\",\"description\":\"Empresa de Climatizaci\u00f3n, Biomasa y Geotermia\",\"potentialAction\":[{\"@type\":\"SearchAction\",\"target\":{\"@type\":\"EntryPoint\",\"urlTemplate\":\"https:\/\/instalacionesalegre.com\/?s={search_term_string}\"},\"query-input\":\"required name=search_term_string\"}],\"inLanguage\":\"es\"}]}<\/script>\n<!-- \/ Yoast SEO plugin. -->","yoast_head_json":{"title":"Aviso legal - Instalaciones Alegre","description":"Aviso legal de la p\u00e1gina de Instalaciones Alegre. Expertos en geotermia, calefacci\u00f3n y climatizaci\u00f3n para hogares y negocios.","robots":{"index":"index","follow":"follow","max-snippet":"max-snippet:-1","max-image-preview":"max-image-preview:large","max-video-preview":"max-video-preview:-1"},"canonical":"https:\/\/instalacionesalegre.com\/index.php\/terms-conditions\/","og_locale":"es_ES","og_type":"article","og_title":"Aviso legal - Instalaciones Alegre","og_description":"Aviso legal de la p\u00e1gina de Instalaciones Alegre. Expertos en geotermia, calefacci\u00f3n y climatizaci\u00f3n para hogares y negocios.","og_url":"https:\/\/instalacionesalegre.com\/index.php\/terms-conditions\/","og_site_name":"Instalaciones Alegre","article_modified_time":"2023-09-27T16:08:02+00:00","og_image":[{"width":2560,"height":841,"url":"https:\/\/instalacionesalegre.com\/wp-content\/uploads\/2020\/03\/services-feature-image-scaled-1.jpg","type":"image\/jpeg"}],"twitter_card":"summary_large_image","twitter_misc":{"Tiempo de lectura":"4 minutos"},"schema":{"@context":"https:\/\/schema.org","@graph":[{"@type":"WebPage","@id":"https:\/\/instalacionesalegre.com\/index.php\/terms-conditions\/","url":"https:\/\/instalacionesalegre.com\/index.php\/terms-conditions\/","name":"Aviso legal - Instalaciones Alegre","isPartOf":{"@id":"https:\/\/instalacionesalegre.com\/#website"},"datePublished":"2020-03-11T09:19:17+00:00","dateModified":"2023-09-27T16:08:02+00:00","description":"Aviso legal de la p\u00e1gina de Instalaciones Alegre. Expertos en geotermia, calefacci\u00f3n y climatizaci\u00f3n para hogares y negocios.","breadcrumb":{"@id":"https:\/\/instalacionesalegre.com\/index.php\/terms-conditions\/#breadcrumb"},"inLanguage":"es","potentialAction":[{"@type":"ReadAction","target":["https:\/\/instalacionesalegre.com\/index.php\/terms-conditions\/"]}]},{"@type":"BreadcrumbList","@id":"https:\/\/instalacionesalegre.com\/index.php\/terms-conditions\/#breadcrumb","itemListElement":[{"@type":"ListItem","position":1,"name":"Portada","item":"https:\/\/instalacionesalegre.com\/"},{"@type":"ListItem","position":2,"name":"Aviso legal"}]},{"@type":"WebSite","@id":"https:\/\/instalacionesalegre.com\/#website","url":"https:\/\/instalacionesalegre.com\/","name":"Instalaciones Alegre","description":"Empresa de Climatizaci\u00f3n, Biomasa y Geotermia","potentialAction":[{"@type":"SearchAction","target":{"@type":"EntryPoint","urlTemplate":"https:\/\/instalacionesalegre.com\/?s={search_term_string}"},"query-input":"required name=search_term_string"}],"inLanguage":"es"}]}},"_links":{"self":[{"href":"https:\/\/instalacionesalegre.com\/index.php\/wp-json\/wp\/v2\/pages\/56","targetHints":{"allow":["GET"]}}],"collection":[{"href":"https:\/\/instalacionesalegre.com\/index.php\/wp-json\/wp\/v2\/pages"}],"about":[{"href":"https:\/\/instalacionesalegre.com\/index.php\/wp-json\/wp\/v2\/types\/page"}],"author":[{"embeddable":true,"href":"https:\/\/instalacionesalegre.com\/index.php\/wp-json\/wp\/v2\/users\/1"}],"replies":[{"embeddable":true,"href":"https:\/\/instalacionesalegre.com\/index.php\/wp-json\/wp\/v2\/comments?post=56"}],"version-history":[{"count":3,"href":"https:\/\/instalacionesalegre.com\/index.php\/wp-json\/wp\/v2\/pages\/56\/revisions"}],"predecessor-version":[{"id":2482,"href":"https:\/\/instalacionesalegre.com\/index.php\/wp-json\/wp\/v2\/pages\/56\/revisions\/2482"}],"wp:featuredmedia":[{"embeddable":true,"href":"https:\/\/instalacionesalegre.com\/index.php\/wp-json\/wp\/v2\/media\/210"}],"wp:attachment":[{"href":"https:\/\/instalacionesalegre.com\/index.php\/wp-json\/wp\/v2\/media?parent=56"}],"curies":[{"name":"wp","href":"https:\/\/api.w.org\/{rel}","templated":true}]}}